be f(5). Let t be (p/15 - -1)*(0 - 9). List the prime factors of (3/t - 4)/((-1)/18).
3, 7
Let q = 10904 + 16779. List the prime factors of q.
19, 31, 47
Let j(s) = -88*s + 57. Let c be j(-15). Suppose 86*w - c = 83*w. List the prime factors of w.
3, 17
Let n = 503 - 325. Let q = 1050 - 1064. Let p = q + n. List the prime factors of p.
2, 41
Let q be 29 - (0 - 0/(-4)). What are the prime factors of 90/72*(-1 + q)?
5, 7
Let t be ((-2)/2)/((-105)/11235). Suppose -w + 0*w + 52 = 0. Let x = t - w. List the prime factors of x.
5, 11
Let r(x) = -11 + 3*x - 5 - 7*x - 4*x. Let d be r(-2). Suppose d = -18*m + 15*m + 324. What are the prime factors of m?
2, 3
Suppose 3*f = 3*f + 5*f. Suppose 4*z - 1052 = -4*a - z, -4*z = f. List the prime factors of a.
263
Suppose -710*l - 5736 = -716*l. Let i = -317 + l. What are the prime factors of i?
3, 71
Let a(t) = t**2 + 5*t - 9. Let q be a(-6). Let d = q - -1. List the prime factors of d/3*81/(-3)*6.
2, 3
Let r = 2774 - -9524. What are the prime factors of r?
2, 11, 13, 43
Let d(q) = 11*q**2 + 2*q + 5. Let g be d(-2). Let s(y) = 3*y + 38*y**3 - 80*y**3 + 1 + g*y**3 - 3*y**2. List the prime factors of s(3).
2
Let y be (8/(-64)*-8)/(2/6). Let w(b) = -23 - b**y - 42*b**2 - 9*b - 25*b**2 + 79*b**2. List the prime factors of w(10).
3, 29
Let j = -21 - -22. Let t(l) = 99*l**2 + 4*l - 3. List the prime factors of t(j).
2, 5
Let g be (-1055 - -1)/(-1*16/16). Suppose -y + 5326 = 5*l, 4*l - g = 3*l - 3*y. What are the prime factors of l?
2, 13, 41
Suppose -6*q = -57 + 87, -3*q - 57521 = -2*l. List the prime factors of l.
28753
Let r be (-58)/(-14) + 59/(-413). List the prime factors of 1468 + -6 - 1*(r - -1).
31, 47
Let t(q) = q**3 + 228*q**2 - 107*q**2 - 117*q**2 + 11 - q. What are the prime factors of t(6)?
5, 73
Suppose -5*f - 95898 - 52978 = -4*q, 3*f = -4*q + 148844. What are the prime factors of q?
2, 23, 809
Let k = -665 + 676. Suppose -k*r = 27*r - 25764. What are the prime factors of r?
2, 3, 113
Let b(f) = -3*f**3 + 5*f**2 - 63*f + 59. What are the prime factors of b(-15)?
2, 11, 557
Let d be 2/(-6) + (-9)/(-27). Suppose -3*j + 8 = 4*r - 0*j, d = -r + 4*j + 2. What are the prime factors of r + 4508/35 - 1/(-5)?
131
Let l(j) be the second derivative of -55*j**3/6 - 49*j**2 - 65*j. List the prime factors of l(-10).
2, 113
Let n(x) = 73*x**2 - 52*x - 195. Suppose -32 = 6*b - 8. List the prime factors of n(b).
1181
Let r = -3433 + 12257. What are the prime factors of r?
2, 1103
Suppose -164505 = -3*a + 3*y, -173*y = -172*y + 8. List the prime factors of a.
109, 503
Let o(c) = -1387*c**3 + 2*c**2 - 51*c - 107. What are the prime factors of o(-2)?
11, 1009
Let q(l) = l**2 + 18*l - 23. Let x be q(-20). Suppose 3*v - 14 = -x. What are the prime factors of (3 + -6 + 5)/(v/(-29))?
2, 29
What are the prime factors of -1 + ((-7)/(105/(-10)) - (-349214)/6)?
2, 29101
Suppose -520*y = -3345257 - 118983. What are the prime factors of y?
2, 3331
Let k = 141 + -139. Suppose 0 = -3*s - 4*j - k, 4*s - 3*s = 5*j - 26. What are the prime factors of 52/12 - (-2)/s?
2
Suppose 211*q = 208*q + 39. Let g(n) = n**2 - 11*n + 99. List the prime factors of g(q).
5
List the prime factors of 2 + 1 - (-30)/(-20)*(1 - 42871).
2, 3, 23, 233
Suppose -2*b = 8, -2*b - 2*b - 8 = 4*f. Suppose -f*c - 3*t + 21 = -0*t, 0 = 4*t - 20. Let o(k) = 18*k**2 + k. List the prime factors of o(c).
3, 5, 11
Suppose p - 231 = -10*p. What are the prime factors of (p/42)/(1/958)?
479
What are the prime factors of (7208/(-51))/((-3)/702)?
2, 3, 13, 53
Suppose -2*t = 2*x, 5*x - 18 = -7*t + 7*x. Suppose -5*r = -t*v + 141 + 243, 3*r = -2*v + 384. What are the prime factors of v?
2, 3
Let c be (-540)/(-24)*(-6)/5. List the prime factors of 2*(c - -205)/(1 + 0).
2, 89
List the prime factors of ((-3132)/(-225) - 14) + (-33254)/(-50).
5, 7, 19
Let t(g) = -894*g + 1881. What are the prime factors of t(-29)?
3, 13, 23, 31
Let t(j) = -9*j + 13. Let k(u) = -5*u + 6. Suppose -16 = 5*y + 3*n - 4*n, 0 = 3*n + 12. Let x(c) = y*t(c) + 9*k(c). What are the prime factors of x(-15)?
137
Suppose 0 = 58*m - 48*m + 24220. List the prime factors of m/(-4) + 15/10.
607
Let h(w) = w - 3. Let b be h(5). Let o be (3 - b)*6/2. Suppose 320 = 4*v - v - c, 0 = -2*v - o*c + 195. List the prime factors of v.
3, 5, 7
Let j(h) be the first derivative of -h**3/3 + 8*h**2 - 10*h - 19. Let o be j(15). Suppose 2*p = -o*p + 329. List the prime factors of p.
47
What are the prime factors of 5/(-25)*-1*2 - (-23918)/5?
2, 13, 23
Suppose -53390 = -4*x + 3*o + 63805, 3*o = -3. List the prime factors of x.
2, 3, 19, 257
Suppose 15*l - 56030 = 44935. List the prime factors of l.
53, 127
Let v = -28 + 33. Suppose -2*p = v + 3. What are the prime factors of (0 - -4) + 10 + p?
2, 5
What are the prime factors of (524958/10 - 2) + 3024/120 + -25?
2, 3, 13, 673
Let n be (7 - 10 - -11) + -1 + 2. Suppose -5*p + 5*c = -1705, -5*p - 12*c = -n*c - 1721. List the prime factors of p.
7
Let u(n) = -3 + 9*n + 13 - 2*n**2 - 2 - n**3 + 0. Suppose 0 = 3*w - p + 17, 3*w - 22 = 6*w + 4*p. What are the prime factors of u(w)?
2, 7
Suppose 0 = 21*f - 23*f + 8. Suppose -f*u = -9*u + 11570. Suppose 455 = -13*j + u. List the prime factors of j.
11, 13
Let q(a) = -42*a - 50. Suppose -9*u = 72 + 63. List the prime factors of q(u).
2, 5, 29
Let p(b) = 13025*b**2 + 176*b - 177. What are the prime factors of p(1)?
2, 11, 37
Let j = 49 + -46. Let o be j/(-9) + 96/18. Suppose 0 = 4*h - 20, -o*c - 3*h + 47 + 148 = 0. What are the prime factors of c?
2, 3
Let q(g) = 11*g**3 + 8*g**2 - 8*g + 3. Let o be q(5). Suppose 4*d + f = 1237, 3*d - o = -2*d - 4*f. What are the prime factors of d?
2, 5, 31
Let z be 1/(1*2/670). Let i = 355 - z. List the prime factors of i.
2, 5
Suppose 54*g - 57*g + 7865 = 2*k, -4*g = -4. List the prime factors of k.
3931
Suppose -51*i = -1479458 - 136245 + 77798. What are the prime factors of i?
5, 37, 163
Let p = 30987 - 8468. List the prime factors of p.
7, 3217
Suppose -5*l + 8*l - 6 = 0, -860 = 4*n + 2*l. Let y = -20 - n. Suppose 4*w - 5*w + 86 = -2*r, -2*w = 2*r - y. What are the prime factors of w?
2, 47
Let h be (2 + -1)/(-1) + 38592/12. Suppose t + 2563 = 4*q, 25*q + t - h = 20*q. What are the prime factors of q?
2, 3, 107
What are the prime factors of 3381 + 897/117 + 10/(-6)?
3, 1129
List the prime factors of (-16)/(-6)*(-14)/(588/(-14175)).
2, 3, 5
Suppose -3*w = f - 5 - 6, -5*f - 2 = -4*w. Let g(n) = -54*n**2 + 57 - 4 + 53*n**2 - f - 3*n. What are the prime factors of g(0)?
3, 17
Suppose -7 = 3*t - 13. Suppose 4*l + 2*v - 85 - 235 = 0, -v - t = 0. Suppose -23*p = -24*p + l. What are the prime factors of p?
3
Let o = -18 + 37. Suppose -212 = -152*p + 150*p. Suppose 5*z = 3*w - 191, -o = w + 3*z - p. List the prime factors of w.
2, 3
Let g = -3736 + 12460. What are the prime factors of g?
2, 3, 727
Let y(q) = -61012*q + 540. List the prime factors of y(-1).
2, 3847
Let n be (-3)/(-6) - (-21)/6. Suppose -3*l + 9 = -3*s, -3*s + l + 26 = 5*l. Suppose s*b - m + 0*m - 153 = 0, -n*b - 4*m = -336. List the prime factors of b.
79
Let c = -20 - -28. Let l(z) = 13*z - 8. Let b be l(c). Suppose 3*y = -3*p + b, 3*p = -5*y + 101 - 1. What are the prime factors of p?
2, 3, 5
List the prime factors of (112/(-7))/(2/(-5)*(-15)/(-3561)).
2, 1187
Suppose -142*x + 292 = -141*x. List the prime factors of x*((-2)/1 + 3).
2, 73
Let o = 12491 - 12437. What are the prime factors of o?
2, 3
Suppose -2*y + 2882 = 3*v, 2*v = -5*y + 3*y + 1918. Suppose 0 = -10*a - v + 3324. List the prime factors of a.
2, 59
Let y(o) = -463*o + 403. What are the prime factors of y(-79)?
2, 5, 43
Let y = -647 - -139. Let z = y - -2. Let a = -313 - z. What are the prime factors of a?
193
Let m = 10323 + -1449. What are the prime factors of m?
2, 3, 17, 29
Let b be (7 - 77/14)*4. List the prime factors of ((-2)/b)/(84/(-265608)).
2, 17, 31
What are the prime factors of (233885/(-87))/5*3*-41?
41, 1613
Suppose 164 = 54*s + 56. Let d be (-457)/9 - 4/18. List the prime factors of (-2703)/d*s/(-2)*-1.
53
Suppose -x = -0*g + 5*g + 44, 3*g + 81 = -2*x. Let m = x - -47. Suppose 127 = m*f - 121. List the prime factors of f.
31
Suppose -15955 + 110169 + 117314 = 8*d. List the prime factors of d.
137, 193
Let d = 379 + -221. Suppose a - d = 276. What are the prime facto